 + 595 = 3*k. Is k prime?
False
Suppose -7*o + 10*o = 2877. Is o a composite number?
True
Let u(k) = k**3 - 6*k**2 + 5*k + 4. Let l(d) = d**3 - d - 1. Let m be l(2). Let g be u(m). Suppose 104 = -0*z + g*z. Is z a composite number?
True
Let b(w) = w**3 + 4*w**2 - 2. Let v be b(-4). Let a be v/(-6) - (-16)/6. Is (-1)/(a/6) + 37 prime?
False
Suppose -7*s - 4*a = -3*s - 40, 3*s + 4*a = 32. Let r(f) = 4*f + 5*f - s - f - 2*f. Is r(7) a composite number?
True
Let m = -17 - -10. Let o = 34 + m. Let v = -12 + o. Is v prime?
False
Suppose 0*a + 12 = 3*a. Let i be (-4)/(a/3) - -6. Is -2*i/6 + 20 a composite number?
False
Let c = 52 + -37. Is c a prime number?
False
Let h(v) = -v**2 + 3. Let i be h(0). Suppose -2*m = -2*y + m + 277, y + i*m - 152 = 0. Is y a prime number?
False
Let b be -8*(12/(-8))/3. Suppose 4*o = 16 + 4. Is (-62)/o*(-10)/b composite?
False
Let x(w) = 6*w**2 - w - 6. Is x(-5) a prime number?
True
Suppose -4*y + 6 = -y. Suppose 470 = 3*f + y*f. Is f a composite number?
True
Suppose 4*i + 1493 = 3*j, 3*i + 5*j = 5*i + 743. Let r(k) = 2*k. Let f be r(-5). Is 10/(-25) + i/f composite?
False
Let k(a) = 2*a**2 + 42*a + 11. Is k(-22) a prime number?
False
Let p = 203 - 465. Is -2 - 2 - -1 - p composite?
True
Suppose 0 = 4*p - 9*p + 1315. Is p composite?
False
Suppose -3*k = -4*w + 673, w = -2*w - 2*k + 526. Let t = w + -85. Is t a composite number?
True
Let n(b) = -b**3 + 5*b**2 - 2*b - 4. Let r be n(4). Suppose -2*v - 5*q = v - 56, r*q = -5*v + 102. Is ((-1)/1)/((-1)/v) a prime number?
False
Suppose 3*d + 2*d + 2*k = 8, 5*k = d + 20. Let s = -9 - -15. Suppose 0 = -t - 4 - d, -2*r = 5*t + s. Is r a prime number?
True
Is 0 + -4 + (-953)/(-1) a prime number?
False
Let z(p) = -p**3 - 2*p**2 + 2*p + 3. Is z(-3) a composite number?
True
Let b = 11 - 6. Suppose 4*w - 3*n - 313 = 0, 5*w + 2 = -b*n + 402. Is w composite?
False
Let o be 1/(-4)*-3*-4. Let d(h) = 5*h**2 + 4*h. Let z be d(o). Suppose -3*m - 3*s = -z, -m + 0*m = -5*s - 11. Is m composite?
False
Let i(x) = 4*x + 2. Let g be i(2). Suppose 12*s = g*s + 662. Is s composite?
False
Suppose -2*o - 1604 = -4*v - o, 0 = v - 3*o - 390. Is (7/((-21)/v))/(-2) prime?
True
Let a be (-1 + (-106)/(-4))*2. Suppose -5*x + a + 124 = 0. Is x a composite number?
True
Let n = -384 + 1137. Is n a prime number?
False
Let n(t) = 4*t**3 + t**2 - t - 1. Let q be n(-1). Suppose 4 = -2*l + 30. Is (2 + q)/((-1)/l) prime?
True
Suppose -9*q = q - 31370. Is q a composite number?
False
Is (-8961)/(-24) + 9/(-24) a prime number?
True
Let a = 118 + -33. Is a prime?
False
Suppose 0*p = 15*p - 25035. Is p composite?
False
Let g = 3 + -1. Let u(n) = 6*n - 7*n - 2 + 3*n**g - 2*n**2. Is u(4) prime?
False
Suppose 0*x - 2*x = -6. Suppose -x*s + 4*s - 11 = 0. Is s composite?
False
Let v(w) = w**3 - 12*w**2 + 7*w + 11. Let z(y) = -y**3 + 12*y**2 - 8*y - 10. Let a(f) = 5*v(f) + 4*z(f). Is a(13) composite?
False
Let j(y) = 14*y**2 + 5*y + 7. Is j(6) a composite number?
False
Let y = 11 - 6. Suppose -i = -5*g - 0*i - 8, y*i = -4*g + 11. Is g/(-1*3/177) a prime number?
True
Suppose -o + 1 = 0, b + o + 0 = 2. Suppose -j = -0 + b. Is 1 + 48 - (j - -1) composite?
True
Let l(t) = t**3 - 18*t**2 + 6*t - 17. Is l(18) composite?
True
Suppose 5*b - 186 - 69 = 0. Is b a composite number?
True
Suppose -4*t - 3*x = 0, -2*x + 4 = -4*t - 6*x. Suppose -6*p + 3*p = 3*g - t, -2*p - g + 3 = 0. Suppose -4*j + 5*n = -39, p*n = -1 + 3. Is j a prime number?
True
Let p be 2 + -5 + 6 - 132. Let i = -58 + p. Let m = i - -378. Is m a prime number?
True
Suppose 1040 = -4*t - 0*t. Let y = t - -437. Is y composite?
True
Let t(c) = -4*c**3 - 4*c**2 + 11*c + 16. Is t(-7) a prime number?
False
Is (-2)/6 + (-10)/(-3) - -1138 a composite number?
True
Suppose 4535 = 3*i + 2*i. Is i prime?
True
Let q(v) = 68*v - 14. Let t be q(13). Suppose 3*g - 617 = -f, -2*f - 46 + t = 4*g. Is g prime?
False
Let i(b) = 3*b**2 - b. Let k(n) = -n**3 + 3*n**2 - 3*n + 3. Let w be k(2). Let z be i(w). Suppose 0 = z*v - 13 - 25. Is v composite?
False
Let s = 12 - 9. Suppose -s*t - 327 - 209 = -4*h, -4*h + 516 = 2*t. Is h a composite number?
False
Suppose 3*n = -2*v, -11 = 2*n + v + 4*v. Suppose -5*r + 8 = m - 10, 18 = 3*r - 3*m. Suppose 3*a + 497 = 4*u, -4*u + n*a + 482 = r*a. Is u a prime number?
False
Let k(b) = -5 + 2*b**2 + 3*b + 2*b**2 + 17. Is k(5) composite?
False
Let y(n) = -n**2 - 7*n + 4. Let a be y(-5). Suppose b + a = -0*b. Is (b/(-5))/((-3)/(-15)) composite?
True
Let c(i) be the third derivative of i**2 + 0*i - 1/6*i**3 + 0 - 19/24*i**4. Is c(-2) composite?
False
Suppose -3*x - 5*d - 73 = 0, 5*x - 4*d + 27 + 33 = 0. Let b = 104 + x. Is b/1 - (-1 + 0) prime?
True
Let q(u) = -179*u. Is q(-1) composite?
False
Let m(f) = -f**2 - 4*f + 3. Let v(j) = j**3 + 6*j**2 + j + 2. Let d be v(-6). Let a be m(d). Is a*(-6)/(-9)*11 a composite number?
True
Let o be (0 - 6) + (-5 - -5). Let j(v) = v**2 + v + 3. Let f(r) = 3*r**2 + 2*r + 8. Let t(y) = 4*f(y) - 11*j(y). Is t(o) prime?
True
Let x = -719 + 1240. Let c = x - 310. Is c composite?
False
Let t(m) = m**3 + 2*m**2 + 2*m. Is t(5) composite?
True
Let q(r) = -152*r**3 - 2*r**2 - 3*r - 3. Is q(-2) composite?
True
Suppose -3*z + 1 = 3*m - 2, 2*m + 4*z = 0. Is (40/4)/m - 2 prime?
True
Suppose -w + 849 = -4*x, -4*w = 6*x - 3*x - 3491. Is w composite?
True
Suppose -122 = -l + 21. Let t = l - 85. Is t a composite number?
True
Let h = -22 + 76. Let a = -31 + h. Is a prime?
True
Suppose -b - 3*c - 833 = -5*b, -5*b + 4*c = -1041. Is b a prime number?
False
Let c(o) = 5*o**2 - 2*o + 5. Is c(-4) composite?
True
Let i = 27 + -12. Is i a prime number?
False
Suppose -4*z = 5*g - 10*g - 21, -4*z - 3*g + 13 = 0. Suppose 4*n + z = 5*n. Is n prime?
False
Let r(k) = 11*k + 6. Let v be r(6). Suppose t + 5*u = v, 0*t + 5*u + 510 = 5*t. Is t a composite number?
False
Let s be 3 + 313 + (-2 - -2). Suppose 5*j = -4*m + 19, 3*j - 7 = 5*m - 3. Suppose x - s = -j*x. Is x prime?
True
Suppose -z - 3*z = -5*m - 236, 3*z - 177 = 5*m. Is z a prime number?
True
Let b = 1179 + 2756. Is b a composite number?
True
Suppose 5*s - 387 = 2*s. Let u = s + 187. Suppose 1290 = 2*p + u. Is p prime?
True
Suppose 0 = -3*a - 153 - 162. Let b = a + 213. Suppose 0 = 4*s, 4*j - 40 - b = s. Is j a prime number?
True
Suppose 5*a = 5, -22 = -6*u + 2*u - 2*a. Suppose -u*l - 35 = -265. Is l a prime number?
False
Let t(d) = -3*d. Let s be t(-3). Is 137/s + (-6)/27 prime?
False
Let u(z) = -z**3 + 6*z + 33. Let h(c) = 2*c**3 - 13*c - 66. Let g(f) = 6*h(f) + 13*u(f). Is g(0) composite?
True
Let o(z) = -2 + 0*z - 3*z + 2*z. Let s be o(-3). Is s/2*(74 - 0) a prime number?
True
Let g be -2 + (-3)/(-3) + 1. Suppose 0 = -3*y - g*y + 231. Is y prime?
False
Let r = -445 + 1077. Suppose -5*i = 3*p - 396 + 1186, -4*i + 2*p - r = 0. Let j = i + 291. Is j a composite number?
True
Let o(c) = -6*c**2 + 1. Let g be o(-1). Let r be 2/1 + (-5)/g. Suppose v + 0*v - 19 = 4*i, -r = -3*i. Is v prime?
True
Suppose -3*r - 5 = 2*r. Is 9 - -1*(r - -2) a composite number?
True
Let m be 13*(-3)/3*4. Let a = 149 + m. Is a composite?
False
Let x(l) = 33*l**3 + 1. Let h(b) = -b**2. Let g(j) = -2*h(j) - x(j). Suppose z = -z - 2. Is g(z) prime?
False
Let s(x) = -2*x**2 + 5*x - 2. Let v be s(3). Let h = 31 + v. Is h a composite number?
True
Let o = -1671 + 3068. Is o composite?
True
Let u(b) be the third derivative of -b**4/24 + 36*b**3 + 3*b**2. Let x be u(0). Suppose -4*h + k = -x, -3*h + h = 5*k - 86. Is h prime?
True
Let c(h) = -14*h**3 - 2*h**2 + 3*h - 4. Is c(-3) composite?
False
Let a be (-1)/(-4) + (-1222)/(-8). Let v = -3 + 6. Suppose 3*t + 59 = s + 4*t, v*t = 3*s - a. Is s a composite number?
True
Let m = 1 - -4. Suppose 0 = -m*j + r + 311, r = 3 - 4. Is j a prime number?
False
Suppose 4*j + 8 = 0, -2*w = 6*j - 4*j - 1414. Is w composite?
False
Suppose 2*t = 0, 0 = -4*v - 0*v - t + 12. Let z = -15 - -21. Suppose -3*w = -4*w - 2*r - 1, v*r = -z. Is w prime?
True
Let h(c) = -c**2 + 10*c + 3. Let w be h(10). Suppose -z + 368 + 47 = 5*u, -3*u - w*z = -249. Suppose u = b - 0*b. Is b composite?
False
Let v(a) = -a**2 - 4*a - 2. Let p be v(4). Let f be 0 + 0 - (p + 4). Let u = f + 19. Is u a composite number?
True
Suppose -5*z + 26 - 6 = 0, 3*z = 4*r + 128. Let l be (-1270)/(-12) + (-7)/(-42). Let i = r + l. Is i composite